actors of 23090271?
3, 1481, 5197
List the prime factors of 116337151.
7, 23, 89, 353
List the prime factors of 174176708.
2, 103, 422759
List the prime factors of 1663382825.
5, 13, 5118101
List the prime factors of 1048392662.
2, 524196331
What are the prime factors of 600157772?
2, 61, 2459663
List the prime factors of 3900297535.
5, 151, 257, 20101
What are the prime factors of 1863466612?
2, 7, 97, 179, 3833
List the prime factors of 155193089.
61, 443, 5743
List the prime factors of 117982418.
2, 37, 59, 61, 443
List the prime factors of 137818315.
5, 601, 45863
What are the prime factors of 4477533170?
2, 5, 11, 37, 1100131
List the prime factors of 2447571909.
3, 139, 5869477
What are the prime factors of 1962130947?
3, 7, 93434807
What are the prime factors of 290153607?
3, 47, 331, 6217
What are the prime factors of 327062979?
3, 19, 67, 28547
List the prime factors of 464283227.
464283227
What are the prime factors of 120700789?
11, 139, 78941
What are the prime factors of 185174083?
185174083
What are the prime factors of 713358178?
2, 13, 137, 271, 739
List the prime factors of 164674868.
2, 61, 79, 8543
List the prime factors of 5309485274.
2, 37, 71749801
What are the prime factors of 271763692?
2, 131, 659, 787
List the prime factors of 44355150.
2, 3, 5, 7, 14081
What are the prime factors of 4651331598?
2, 3, 3491, 74021
What are the prime factors of 7602783243?
3, 11, 107, 233, 9241
What are the prime factors of 61387385?
5, 19, 646183
What are the prime factors of 3119491915?
5, 19, 32836757
List the prime factors of 1345299382.
2, 7, 96092813
What are the prime factors of 32219748?
2, 3, 11, 37, 733
List the prime factors of 68815258.
2, 5309, 6481
What are the prime factors of 2398543926?
2, 3, 19, 353, 3137
List the prime factors of 423101583.
3, 23, 67, 10169
What are the prime factors of 383017405?
5, 76603481
List the prime factors of 3350054898.
2, 3, 186114161
List the prime factors of 6661044.
2, 3, 13, 43, 331
List the prime factors of 960019127.
960019127
List the prime factors of 15933908.
2, 43, 92639
What are the prime factors of 2712351905?
5, 47, 11541923
What are the prime factors of 55273052?
2, 17, 19, 179, 239
What are the prime factors of 71335073?
7927, 8999
List the prime factors of 162072025.
5, 37, 83, 2111
List the prime factors of 5301941627.
5301941627
What are the prime factors of 126356133?
3, 163, 233, 1109
List the prime factors of 7645382.
2, 557, 6863
List the prime factors of 40107466.
2, 7, 1049, 2731
What are the prime factors of 46866904?
2, 7, 43, 19463
List the prime factors of 633156841.
367, 1725223
List the prime factors of 2029302742.
2, 23, 271, 162787
What are the prime factors of 322109136?
2, 3, 82847
List the prime factors of 211898408.
2, 37, 715873
What are the prime factors of 407336341?
191, 911, 2341
What are the prime factors of 275838179?
275838179
List the prime factors of 404567820.
2, 3, 5, 1451, 1549
List the prime factors of 3197029573.
353, 1201, 7541
What are the prime factors of 491570461?
491570461
List the prime factors of 49480030.
2, 5, 17, 31, 41, 229
List the prime factors of 684871953.
3, 733, 311447
What are the prime factors of 537400002?
2, 3, 659, 135913
List the prime factors of 11215039.
11, 1019549
List the prime factors of 98015743.
7, 109, 128461
What are the prime factors of 96574180?
2, 5, 101, 47809
What are the prime factors of 97005786?
2, 3, 37, 436963
What are the prime factors of 2286870412?
2, 1697, 336899
What are the prime factors of 6900175506?
2, 3, 7, 1657, 99149
What are the prime factors of 212490432?
2, 3, 7, 11, 1597
List the prime factors of 13433362.
2, 6716681
List the prime factors of 167131372.
2, 19, 131, 16787
List the prime factors of 84804281.
84804281
What are the prime factors of 974750025?
3, 5, 12996667
What are the prime factors of 43549367?
43549367
List the prime factors of 17518212.
2, 3, 486617
List the prime factors of 55148811.
3, 19, 811, 1193
List the prime factors of 39023107.
39023107
List the prime factors of 700291154.
2, 131, 2672867
What are the prime factors of 3776088?
2, 3, 43, 3659
List the prime factors of 85391680.
2, 5, 11, 17, 1427
List the prime factors of 78486147.
3, 811, 10753
What are the prime factors of 67335248?
2, 43, 97871
What are the prime factors of 299881909?
299881909
What are the prime factors of 51777602?
2, 71, 163, 2237
What are the prime factors of 37725967?
37725967
List the prime factors of 4770205750.
2, 5, 23, 829601
List the prime factors of 67653267.
3, 11, 2050099
What are the prime factors of 35389366?
2, 17694683
What are the prime factors of 149601756?
2, 3, 179, 257, 271
List the prime factors of 172871190.
2, 3, 5, 31, 61961
List the prime factors of 864104347.
137, 6307331
List the prime factors of 1340839300.
2, 5, 17, 37, 21317
List the prime factors of 108576226.
2, 11, 4935283
What are the prime factors of 85591769?
85591769
What are the prime factors of 11203428?
2, 3, 373, 2503
What are the prime factors of 609021008?
2, 179, 337, 631
List the prime factors of 318747847.
11, 239, 263, 461
What are the prime factors of 409532546?
2, 293, 479, 1459
List the prime factors of 812301320.
2, 5, 53, 619
What are the prime factors of 4345959378?
2, 3, 31, 23365373
What are the prime factors of 1877113188?
2, 3, 883, 59051
What are the prime factors of 1632843126?
2, 3, 1613, 56239
What are the prime factors of 724681988?
2, 181170497
List the prime factors of 123343148.
2, 29, 1063303
List the prime factors of 16272824.
2, 2034103
List the prime factors of 880961129.
23557, 37397
What are the prime factors of 3406329?
3, 461, 821
List the prime factors of 155665380.
2, 3, 5, 13, 23, 8677
What are the prime factors of 434353422?
2, 3, 72392237
List the prime factors of 19666519.
283, 69493
What are the prime factors of 123427775?
5, 23, 214657
List the prime factors of 832461371.
7, 563, 211231
What are the prime factors of 51117055?
5, 11, 7681
What are the prime factors of 628509540?
2, 3, 5, 10475159
What are the prime factors of 199852331?
7, 4078619
What are the prime factors of 75991225?
5, 3039649
List the prime factors of 87543175.
5, 23, 152249
List the prime factors of 84391917.
3, 103, 273113
What are the prime factors of 1067084172?
2, 3, 7, 11, 23, 797
List the prime factors of 31024955.
5, 13, 31, 89, 173
What are the prime factors of 33967804?
2, 13, 523, 1249
What are the prime factors of 1308945151?
1308945151
What are the prime factors of 275636176?
2, 17227261
List the prime factors of 251213157.
3, 13, 281, 283
List the prime factors of 30569666.
2, 15284833
List the prime factors of 1558252574.
2, 1129, 690103
What are the prime factors of 813369208?
2, 101671151
List the prime factors of 151532996.
2, 37883249
What are the prime factors of 5286856733?
5286856733
What are the prime factors of 3849703?
11, 13, 26921
List the prime factors of 1530412450.
2, 5, 7, 157, 27851
What are the prime factors of 58151443?
7, 31, 89, 3011
What are the prime factors of 1204710774?
2, 3, 200785129
What are the prime factors of 35195533?
151, 233083
List the prime factors of 39139076.
2, 797, 12277
What are the prime factors of 334790009?
2593, 129113
What are the prime factors of 2460716826?
2, 3, 410119471
What are the prime factors of 238784009?
238784009
List the prime factors of 84661182.
2, 3, 107, 113, 389
List the prime factors of 741515434.
2, 11, 311, 108377
List the prime factors of 118139275.
5, 43, 109897
List the prime factors of 243941352.
2, 3, 10164223
List the prime factors of 56400999.
3, 18800333
What are the prime factors of 1048970754?
2, 3, 13, 17, 167, 1579
What are the prime factors of 129857173?
129857173
What are the prime factors of 232655641?
232655641
List the prime factors of 7788555289.
31, 127, 1978297
List the prime factors of 1446385057.
13, 1361, 81749
What are the prime factors of 327489848?
2, 7, 97, 60289
What are the prime factors of 1183809814?
2, 11, 263, 204599
What are the prime factors of 294493638?
2, 3, 49082273
What are the prime factors of 248439626?
2, 157, 791209
List the prime factors of 77142001.
29, 2660069
What are the prime factors of 593983955?
5, 118796791
List the prime factors of 1142826709.
5